t c(d) = 53 - d**2 + 4*d - 14*d - 40. Let t be -2 + 0 + 2 + (6 + -11 - 6). Calculate c(t).
2
Let l(s) be the third derivative of s**8/20160 - s**7/1680 - s**6/180 - 19*s**5/15 + 4*s**2 + s. Let o(c) be the third derivative of l(c). Give o(7).
24
Let l(z) = z**2 - 25*z + 86. Suppose -2 = t - 0, -v = -t - 6. Give l(v).
2
Let k(t) = -43 + 77 - 2*t - 44. Let f be k(-6). Let h(c) = 6*c**2 - c**f - c**3 - 10 + 1 + 3. What is h(5)?
-6
Let h = -9 + 12. Let s(g) = h + 1 - 2*g + 3*g - 5. Let k be 75/(3 + 2) + -7. Give s(k).
7
Let m(k) = k + 3*k + 3 - k. Let x(v) = 54*v + 19. Let z be x(-3). Let a = z - -140. What is m(a)?
-6
Let y(m) be the first derivative of -3*m**2/2 + 17*m - 1. Suppose -3497*a = -3837*a + 2380. What is y(a)?
-4
Let p(f) = -8*f. Let v(m) = m + 1. Suppose 0 = -5*s - 5*d - 5, -2*d - 6 = d. Let c(j) = -5*j. Let l(o) = s*c(o) + 6*v(o). Let i be l(-5). Determine p(i).
-8
Let t(b) = -b + 6. Suppose -66*y - 3231 = -10689. Let m = -47 + 160. Let w = m - y. Determine t(w).
6
Suppose -36 = 4*c + 4*l, 18*c - 13*c + 4*l + 41 = 0. Let t(m) = m**3 + 5*m**2 + 4*m + 6. What is t(c)?
-14
Let w(v) = -300*v. Let s(d) = 23*d. Suppose 3*x = 4*x + 27. Let u(g) = x*s(g) - 2*w(g). Suppose 11 = -p + 2*a, -6*p - 3*a + 12 = -3*p. Calculate u(p).
21
Let p be (-81 - 3)*(-4 + (-78)/(-24)). Suppose -40 = -53*j + p*j. Let h(i) = 6*i + 10. What is h(j)?
-14
Let v(l) = 2 - 3*l - 2*l + 2*l + 2*l - l**2. Let q = 106 + -105. Suppose -4*s = -2*k + 4, -4*s - q - 5 = -k. Give v(k).
0
Let g(q) be the second derivative of q**7/2520 + 7*q**5/60 + q**4/2 + q**3/6 - 76*q. Let w(s) be the third derivative of g(s). What is w(0)?
14
Let o(u) = -9*u + 128. Let i(s) = 14*s - 194. Let f(w) = 5*i(w) + 8*o(w). Give f(0).
54
Let k(m) = 17*m**3 - 37*m**2 + 59*m - 67. Let b(y) = 4*y**3 - 9*y**2 + 14*y - 17. Let u(r) = 13*b(r) - 3*k(r). Determine u(6).
10
Let s(i) be the second derivative of i**3/6 + 7*i**2/2 - 2*i. Let w(z) = -2*z**2 + 2 - 5*z - 3 - 1 + 2*z. Let m be w(-2). What is s(m)?
3
Let o(x) = -x**3 + 7*x**2 + x + 2. Let m be 2/((-2)/3) - 2. Let u be (-37)/m - (-62)/(-155). Give o(u).
9
Let j(r) = -7*r**3 + 14*r**2 - 100*r + 31. Let s(a) = -6*a**3 + 13*a**2 - 89*a + 32. Let o(t) = 7*j(t) - 8*s(t). Calculate o(-8).
-7
Suppose 6*j - j - 50 = 0. Suppose 2*a - j = -0*a. Let d(l) = -l**2 - 25829 + 4*l + 25829. Determine d(a).
-5
Let c(b) = -6*b**2 + 4*b + 17*b + 4*b**2 + 73 - 61. Let t = -27 - -38. Let o be c(t). Let w(j) = -15*j + 1. Give w(o).
-14
Let p be (33 - 30)/((-376)/(-74) - 5). Let m(w) = 2*w**2 - 76*w + 89. Give m(p).
15
Let u(w) = -284 + 24*w - 19*w + 120. Let j be u(32). Let r(a) = a**2 + 3*a + 6. Give r(j).
10
Let v(i) = 4*i + 50. Let a be v(-11). Suppose 0 = a*j + 11 + 19. Let b(p) = -2*p - 10. Calculate b(j).
0
Let p(s) = 9*s - 6. Suppose 5*g + 80 = 9*g. Suppose -574*f + 579*f - g = 0. Determine p(f).
30
Let o(z) be the first derivative of 15*z**2/2 + 21*z + 269. Give o(-5).
-54
Suppose 0 = -891*i + 890*i + 4. Let s(m) = 11*m - 30. Give s(i).
14
Let h(p) be the second derivative of -5*p**3/6 - 7*p**2/2 - 25*p. Suppose 0 = -2*k - 4*k - 12. Calculate h(k).
3
Let w(k) = -2*k**3 - 5*k - 5. Suppose -12*u - 658 + 634 = 0. Determine w(u).
21
Let k(q) be the first derivative of 5*q**2/2 + 30*q - 1035. Give k(-6).
0
Let s(o) = -361*o + 284. Let h(y) = -311*y + 284. Let f(d) = 7*h(d) - 6*s(d). Calculate f(27).
-13
Let d(s) be the first derivative of -s**4/4 - s**3/3 + 4*s - 11. Suppose -4*f = -7*f. Let v be 2 + -1 - (-1 + (2 - f)). Calculate d(v).
4
Suppose -244 = 4*x + 5*l, -3*x - 2*l = x + 232. Let r = 57 + x. Suppose 6*q = -r - 5. Let y(p) = -9*p**3 + p. Give y(q).
8
Let w(o) = -o**3 + 5*o**2 + 21*o + 11. Let k(s) = s**3 - 7*s**2 - 26*s - 13. Let c(q) = -4*k(q) - 5*w(q). What is c(-3)?
0
Let f(z) = -5*z**2 + 76*z - 60. Let g(q) = 3*q**2 - 44*q + 29. Let d(u) = 4*f(u) + 7*g(u). Determine d(9).
8
Let d(x) = 45*x + 2. Let g(t) = 169*t + 5. Let j(h) = -4*d(h) + g(h). Let k(n) = n**3 - 4*n**2 + 3*n - 3. Let q be k(3). Calculate j(q).
30
Let r(s) = s**3 - 8*s + 11. Let q be r(-4). Let m(x) = -27*x - 561. Give m(q).
6
Let x(c) be the third derivative of 0*c + 23*c**2 - 3/2*c**3 + 1/60*c**5 - 5/12*c**4 - 2. Determine x(8).
-25
Let n(p) = -432 - 429 + 22*p - 341 + 1017. Calculate n(8).
-9
Let o(v) = 2*v**3 + 6605*v**2 - 44*v + 2*v**3 - 6581*v**2 - 5*v**3 + 7. Determine o(22).
7
Let g(w) = 23*w**2 - 236*w + 263. Let v be g(9). Let b(m) = -43*m - 4. Calculate b(v).
-90
Let s(o) = o**2 + 6*o + 5. Let k(p) = p**2 + 14*p + 131. Let f be k(-18). Let d be (8/10)/(f/70 - 3). Calculate s(d).
21
Let i(q) = -q**2 + 9*q + 2. Let v(x) = -2*x**2 + 17*x + 5. Let m = -18 + 24. Let g(n) = m*v(n) - 11*i(n). Suppose 0 = j - 6. Give g(j).
-10
Suppose -4*d - 2*h = -20, -d - 2*h = -5*d + 12. Let w(l) = l - 2. Let o(k) = -2*k**2 - 8*k + 7. Let s(c) = d*w(c) + o(c). Calculate s(-4).
-17
Let d(s) = -s**3 - 7*s**2 - 8*s + 13. Let z be d(-5). Let r(l) = l**2 - 1. Let g(q) = -q**2 + 2. Let h(b) = -4*g(b) - 5*r(b). Determine h(z).
-12
Let j(f) = 263*f**2 - 2105*f + 4. Let y be j(8). Let w(q) = -q**3 - 3*q**2 + 4*q + 10. What is w(y)?
10
Let d = -107 - -104. Suppose 0*z + 11 = z. Let a(m) = 1 + 7 - z - 7*m. Give a(d).
18
Let p be (-4)/6*105/(-70). Let d(f) be the third derivative of -f**5/12 - f**4/24 + 43*f**2. What is d(p)?
-6
Let m(i) = -4*i**2. Suppose 0 = 24*o - 21*o + 6, l + 9 = -4*o. What is m(l)?
-4
Let g(b) = 55*b - 18. Let q(p) = 59*p - 18. Let c(v) = 13*g(v) - 12*q(v). What is c(7)?
31
Let o(r) = 4*r**3 - 3*r**2 - 5*r - 3. Let a be (2*-1)/(232 - 230). Give o(a).
-5
Let m(w) = -w**2 + 4*w - 7. Let t be 2 + (-3)/(-18) + 75/(-18). Let a(y) = -y**2 + 3*y - 4. Let r(p) = t*m(p) + 3*a(p). Calculate r(-4).
-18
Let s(b) = b**2 + b - 5. Let c be (1 - 0 - (-8 - -10))*-14. Suppose c = -2*q - 2*i, -4*q + 2*i - 13 = i. Determine s(q).
7
Let k(q) = -2*q**3 - 4*q**2 + 2*q - 1. Suppose -321*a + 654*a + 45 = 318*a. Determine k(a).
11
Let g(d) be the first derivative of -d**5/60 - d**4/24 - 115*d**2/2 + 8. Let x(n) be the second derivative of g(n). Let w be ((-2)/(-4))/(1/(-2)). What is x(w)?
0
Let x(q) = -109*q**2 - 7*q + 5 - q + 110*q**2. Let j(l) = l**3 - 10*l**2 + 6*l - 12. Let u be j(9). Let f be u/(-9) - (16/12 + -2). Calculate x(f).
-10
Let w(s) = 384*s + 391. Let q be w(-1). Let r(z) = -z**2 + z + 17. Give r(q).
-25
Let o(h) be the third derivative of h**5/60 - 11*h**4/24 - 173*h**3/6 + 4828*h**2 + 1. Calculate o(-9).
7
Let a(c) = 2*c - 8. Let i = -145 - -145. Suppose i = 22*t - 16*t - 54. What is a(t)?
10
Let z(x) = -x**3 - 12*x**2 + 13*x + 35. Let p(v) = 2*v**3 + 11*v**2 + 39*v + 95. Let n be p(-4). What is z(n)?
35
Let m = -294 - -286. Let p(j) = -3*j**2 - 15*j + 21. Give p(m).
-51
Let a(u) be the second derivative of -u**3/6 - 3*u**2/2 - 2*u + 73. Let m(t) be the second derivative of t**3/6 - 3*t**2/2 + 4*t. Let k be m(6). Determine a(k).
-6
Let i = -10 - -6. Suppose -29*r = -36*r - 35. Let h(d) = -2*d**3 - d**2 - d + 4. Let j(y) = 3*y**3 + y - 7. Let o(v) = r*h(v) - 3*j(v). What is o(i)?
9
Suppose -5*t - 2*s = -220, 4*s + 0*s - 104 = -2*t. Suppose 27 = -3*r + t. Suppose 5*j + 4*h - 54 = 0, -28 = -3*j + r*h - 3. Let k(u) = -u + 12. Determine k(j).
2
Let v(z) = z**2 + 3*z - 5. Suppose -p + 40 = -g + 4*g, p - 1 = 0. Let j(t) = 18 - 21 - 2*t - g. Let b be j(-6). Give v(b).
-1
Let q(t) = 6*t**3 + 6*t**2 - 6*t + 29. Let w(h) = -11 + 20 - 7*h - 43*h**3 + 21 + 50*h**3 + 7*h**2. Let s(c) = 6*q(c) - 5*w(c). What is s(0)?
24
Let k(l) = -193*l**3 + l**2 + 2*l + 1. Let z be k(-1). Let h(c) = z + 187 + 3*c**2 - 10*c - c**2 - 374. Calculate h(4).
-2
Let r(n) = 13 + 2*n - 6 - n. Suppose 1540 = 6*q + 14*q. Let m = q - 83. What is r(m)?
1
Let l = -83 - -70. Let p(d) = -d**2 - 10*d + 31. Let w be p(l). Let x(m) = -m**2 - 10*m - 10. Give x(w).
6
Let g(o) = o - 1. Let d(w) = -6*w**2 + 2*w**3 - w**3 - 6 + 0*w**3 + 9*w. Let u(z) = -z**2 + 76*z - 538. Let n be u(8). Let q(m) = n*g(m) - d(m). Give q(6).
-18
Let g(r) be the second derivative of -r**5/20 - r**4/4 + 11*r**3/6 + 3*r**2/2 + 41*r + 22. Calculate g(-5).
-2
Let z(s) be the second derivative of s**3/3 + 2*s. Suppose -11 = 7*w - 25. Suppose 2*y + 5*n + 23 = 0, y - 5*n = -w*n + 16. What is z(y)?
2
Let t(z) = z**2 - 2*z - 6. Let u(x) = 7*x**2 - 35*x - 22. Let f(h) = -6*t(h) 